{"id":3508,"date":"2026-04-12T17:35:39","date_gmt":"2026-04-12T14:35:39","guid":{"rendered":"https:\/\/international.uaic.ro\/?page_id=3508"},"modified":"2026-04-12T17:35:42","modified_gmt":"2026-04-12T14:35:42","slug":"mobilitati-de-practica-de-lunga-durata-in-tarile-terte","status":"publish","type":"page","link":"https:\/\/international.uaic.ro\/?page_id=3508","title":{"rendered":"Mobilit\u0103\u0163i de practic\u0103 de lung\u0103 durat\u0103 \u00een \u0162\u0103rile Ter\u0163e"},"content":{"rendered":"","protected":false},"excerpt":{"rendered":"","protected":false},"author":1,"featured_media":0,"parent":0,"menu_order":0,"comment_status":"closed","ping_status":"closed","template":"","meta":{"footnotes":""},"class_list":["post-3508","page","type-page","status-publish","hentry"],"_links":{"self":[{"href":"https:\/\/international.uaic.ro\/index.php?rest_route=\/wp\/v2\/pages\/3508","targetHints":{"allow":["GET"]}}],"collection":[{"href":"https:\/\/international.uaic.ro\/index.php?rest_route=\/wp\/v2\/pages"}],"about":[{"href":"https:\/\/international.uaic.ro\/index.php?rest_route=\/wp\/v2\/types\/page"}],"author":[{"embeddable":true,"href":"https:\/\/international.uaic.ro\/index.php?rest_route=\/wp\/v2\/users\/1"}],"replies":[{"embeddable":true,"href":"https:\/\/international.uaic.ro\/index.php?rest_route=%2Fwp%2Fv2%2Fcomments&post=3508"}],"version-history":[{"count":1,"href":"https:\/\/international.uaic.ro\/index.php?rest_route=\/wp\/v2\/pages\/3508\/revisions"}],"predecessor-version":[{"id":3512,"href":"https:\/\/international.uaic.ro\/index.php?rest_route=\/wp\/v2\/pages\/3508\/revisions\/3512"}],"wp:attachment":[{"href":"https:\/\/international.uaic.ro\/index.php?rest_route=%2Fwp%2Fv2%2Fmedia&parent=3508"}],"curies":[{"name":"wp","href":"https:\/\/api.w.org\/{rel}","templated":true}]}}

Mobilităţi de practică de lungă durată în Ţările Terţe
