{"id":3487,"date":"2026-04-05T22:12:30","date_gmt":"2026-04-05T19:12:30","guid":{"rendered":"https:\/\/international.uaic.ro\/?page_id=3487"},"modified":"2026-04-12T17:39:43","modified_gmt":"2026-04-12T14:39:43","slug":"programul-erasmus-cu-tarile-terte-care-nu-sunt-asociate-la-program-non-ue","status":"publish","type":"page","link":"https:\/\/international.uaic.ro\/?page_id=3487","title":{"rendered":"Programul Erasmus+ cu \u0162\u0103rile Ter\u0163e care nu sunt asociate la Program (non-UE)"},"content":{"rendered":"\t\t<div data-elementor-type=\"wp-page\" data-elementor-id=\"3487\" class=\"elementor elementor-3487\">\n\t\t\t\t<div class=\"elementor-element elementor-element-7d770bc e-flex e-con-boxed e-con e-parent\" data-id=\"7d770bc\" data-element_type=\"container\" data-e-type=\"container\">\n\t\t\t\t\t<div class=\"e-con-inner\">\n\t\t\t\t<div class=\"elementor-element elementor-element-c8fb80b elementor-widget elementor-widget-heading\" data-id=\"c8fb80b\" data-element_type=\"widget\" data-e-type=\"widget\" data-widget_type=\"heading.default\">\n\t\t\t\t<div class=\"elementor-widget-container\">\n\t\t\t\t\t<h2 class=\"elementor-heading-title elementor-size-default\">Programul Erasmus+ cu \u0162\u0103rile Ter\u0163e care nu sunt asociate la Program (non-UE)<\/h2>\t\t\t\t<\/div>\n\t\t\t\t<\/div>\n\t\t\t\t\t<\/div>\n\t\t\t\t<\/div>\n\t\t<div class=\"elementor-element elementor-element-00c1be9 e-grid e-con-boxed e-con e-parent\" data-id=\"00c1be9\" data-element_type=\"container\" data-e-type=\"container\">\n\t\t\t\t\t<div class=\"e-con-inner\">\n\t\t<a class=\"elementor-element elementor-element-1cf657b e-con-full e-flex e-con e-child\" data-id=\"1cf657b\" data-element_type=\"container\" data-e-type=\"container\" data-settings=\"{&quot;background_background&quot;:&quot;classic&quot;}\" href=\"https:\/\/international.uaic.ro\/?page_id=3504\" target=\"_blank\">\n\t\t\t\t<div class=\"elementor-element elementor-element-0a08eb9 elementor-widget elementor-widget-heading\" data-id=\"0a08eb9\" data-element_type=\"widget\" data-e-type=\"widget\" data-widget_type=\"heading.default\">\n\t\t\t\t<div class=\"elementor-widget-container\">\n\t\t\t\t\t<h2 class=\"elementor-heading-title elementor-size-default\">Mobilit\u0103\u021bi de studiu de lung\u0103 durat\u0103<\/h2>\t\t\t\t<\/div>\n\t\t\t\t<\/div>\n\t\t\t\t<\/a>\n\t\t<a class=\"elementor-element elementor-element-1aa5d1c e-con-full e-flex e-con e-child\" data-id=\"1aa5d1c\" data-element_type=\"container\" data-e-type=\"container\" data-settings=\"{&quot;background_background&quot;:&quot;classic&quot;}\" href=\"https:\/\/international.uaic.ro\/?page_id=3508\" target=\"_blank\">\n\t\t\t\t<div class=\"elementor-element elementor-element-b6cef6d elementor-widget elementor-widget-heading\" data-id=\"b6cef6d\" data-element_type=\"widget\" data-e-type=\"widget\" data-widget_type=\"heading.default\">\n\t\t\t\t<div class=\"elementor-widget-container\">\n\t\t\t\t\t<h2 class=\"elementor-heading-title elementor-size-default\">Mobilit\u0103\u021bi de practic\u0103 de lung\u0103 durat\u0103<\/h2>\t\t\t\t<\/div>\n\t\t\t\t<\/div>\n\t\t\t\t<\/a>\n\t\t<a class=\"elementor-element elementor-element-5b13b65 e-con-full e-flex e-con e-child\" data-id=\"5b13b65\" data-element_type=\"container\" data-e-type=\"container\" data-settings=\"{&quot;background_background&quot;:&quot;classic&quot;}\" href=\"https:\/\/international.uaic.ro\/?page_id=3516\" target=\"_blank\">\n\t\t\t\t<div class=\"elementor-element elementor-element-899e370 elementor-widget elementor-widget-heading\" data-id=\"899e370\" data-element_type=\"widget\" data-e-type=\"widget\" data-widget_type=\"heading.default\">\n\t\t\t\t<div class=\"elementor-widget-container\">\n\t\t\t\t\t<h2 class=\"elementor-heading-title elementor-size-default\">Mobilit\u0103\u021bi studen\u021be\u0219ti de scurt\u0103 durat\u0103<\/h2>\t\t\t\t<\/div>\n\t\t\t\t<\/div>\n\t\t\t\t<\/a>\n\t\t<a class=\"elementor-element elementor-element-4db65ac e-con-full e-flex e-con e-child\" data-id=\"4db65ac\" data-element_type=\"container\" data-e-type=\"container\" data-settings=\"{&quot;background_background&quot;:&quot;classic&quot;}\" href=\"https:\/\/international.uaic.ro\/?page_id=3524\" target=\"_blank\">\n\t\t\t\t<div class=\"elementor-element elementor-element-2161c48 elementor-widget elementor-widget-heading\" data-id=\"2161c48\" data-element_type=\"widget\" data-e-type=\"widget\" data-widget_type=\"heading.default\">\n\t\t\t\t<div class=\"elementor-widget-container\">\n\t\t\t\t\t<h2 class=\"elementor-heading-title elementor-size-default\">Mobilit\u0103\u021bi de Predare<\/h2>\t\t\t\t<\/div>\n\t\t\t\t<\/div>\n\t\t\t\t<\/a>\n\t\t<a class=\"elementor-element elementor-element-fa7591e e-con-full e-flex e-con e-child\" data-id=\"fa7591e\" data-element_type=\"container\" data-e-type=\"container\" data-settings=\"{&quot;background_background&quot;:&quot;classic&quot;}\" href=\"https:\/\/international.uaic.ro\/?page_id=3526\" target=\"_blank\">\n\t\t\t\t<div class=\"elementor-element elementor-element-e1b9426 elementor-widget elementor-widget-heading\" data-id=\"e1b9426\" data-element_type=\"widget\" data-e-type=\"widget\" data-widget_type=\"heading.default\">\n\t\t\t\t<div class=\"elementor-widget-container\">\n\t\t\t\t\t<h2 class=\"elementor-heading-title elementor-size-default\">Mobilit\u0103\u021bi de Formare<\/h2>\t\t\t\t<\/div>\n\t\t\t\t<\/div>\n\t\t\t\t<\/a>\n\t\t\t\t\t<\/div>\n\t\t\t\t<\/div>\n\t\t<div class=\"elementor-element elementor-element-b5877bc e-flex e-con-boxed e-con e-parent\" data-id=\"b5877bc\" data-element_type=\"container\" data-e-type=\"container\">\n\t\t\t\t\t<div class=\"e-con-inner\">\n\t\t\t\t<div class=\"elementor-element elementor-element-4aedd14 elementor-widget elementor-widget-text-editor\" data-id=\"4aedd14\" data-element_type=\"widget\" data-e-type=\"widget\" data-widget_type=\"text-editor.default\">\n\t\t\t\t<div class=\"elementor-widget-container\">\n\t\t\t\t\t\t\t\t\t<ul><li>Carta Universitar\u0103 Erasmus+ UAIC 2021-2027\u00a0(<strong><a href=\"https:\/\/www.uaic.ro\/wp-content\/uploads\/2023\/09\/Erasmus-Programme-Guide-2023-v3-EN-04.04.2023.pdf\">EN\u00a0<\/a><\/strong>\/\u00a0<strong><a href=\"http:\/\/www.uaic.ro\/wp-content\/uploads\/2021\/07\/CARTA-ERASMUS-RO.pdf\">RO<\/a><\/strong>)<\/li><li><ul><li>UAIC\u00a0<strong>Erasmus Code<\/strong>:\u00a0<strong>RO IASI02<\/strong><\/li><li>UAIC\u00a0<strong>PIC<\/strong>\u00a0number:\u00a0<strong>999887738<\/strong><\/li><li>UAIC\u00a0<strong>OID<\/strong>\u00a0number:\u00a0<strong>E10209044<\/strong><\/li><\/ul><\/li><li><strong><a href=\"https:\/\/www.uaic.ro\/wp-content\/uploads\/2021\/03\/Erasmus-Policy-Statement-2021.pdf\">Erasmus Policy Statement UAIC<\/a><\/strong><\/li><li>Ghidul programului Erasmus+\u00a0(<strong><a href=\"https:\/\/www.uaic.ro\/wp-content\/uploads\/2023\/10\/Erasmus-Programme-Guide-2023-v3-EN-04.04.2023.pdf\">EN<\/a>\u00a0<\/strong>)<\/li><li><a href=\"https:\/\/www.uaic.ro\/wp-content\/uploads\/2025\/10\/Lista-tarilor-terte-eligibile.pdf\"><strong>Lista \u0163\u0103rilor ter\u021be (non-UE) care nu sunt asociate la Programul Erasmus+<\/strong><\/a><\/li><li><a href=\"https:\/\/www.uaic.ro\/international\/programul-erasmus-tari-terte\/acorduri-inter-institutionale-erasmus-cu-tarile-terte\/\"><strong>Acorduri inter-<\/strong><strong>institu\u021bionale\u00a0<\/strong><strong>Erasmus+ cu \u021a\u0103rile Ter\u0163e care nu sunt asociate la Program<\/strong><\/a><\/li><li><a href=\"https:\/\/www.uaic.ro\/wp-content\/uploads\/2025\/11\/Centralizator-coordonatori-Erasmus-SMS-SMP-STA_noiembrie-2025.pdf\"><strong>Coordonatori Erasmus+<\/strong><\/a><\/li><li>Componen\u0163a\u00a0<strong><a href=\"https:\/\/www.uaic.ro\/international\/serviciul-relatii-internationale\/\" target=\"_blank\" rel=\"noopener noreferrer\">Compartimentului ERASMUS+ al UAIC<\/a><\/strong><\/li><li><a href=\"https:\/\/www.uaic.ro\/wp-content\/uploads\/2025\/10\/SREI-Regulament-Erasmus-KA131_revizie-2025.pdf\"><strong>Regulament UAIC privind selec\u0163ia \u015fi organizarea mobilit\u0103\u0163ilor \u00een cadrul Programului ERASMUS+ KA131 \u2013 HED\u00a0<\/strong><\/a><\/li><\/ul>\t\t\t\t\t\t\t\t<\/div>\n\t\t\t\t<\/div>\n\t\t\t\t\t<\/div>\n\t\t\t\t<\/div>\n\t\t<div class=\"elementor-element elementor-element-ec5f0d3 e-flex e-con-boxed e-con e-parent\" data-id=\"ec5f0d3\" data-element_type=\"container\" data-e-type=\"container\" data-settings=\"{&quot;background_background&quot;:&quot;classic&quot;}\">\n\t\t\t\t\t<div class=\"e-con-inner\">\n\t\t\t\t<div class=\"elementor-element elementor-element-068761b elementor-widget elementor-widget-text-editor\" data-id=\"068761b\" data-element_type=\"widget\" data-e-type=\"widget\" data-widget_type=\"text-editor.default\">\n\t\t\t\t<div class=\"elementor-widget-container\">\n\t\t\t\t\t\t\t\t\t<h3 class=\"fusion-responsive-typography-calculated\" data-fontsize=\"16\" data-lineheight=\"24px\"><strong>CONTACT<\/strong><\/h3><p>Serviciul Rela\u0163ii Interna\u0163ionale<br \/>Universitatea \u201cAlexandru Ioan Cuza\u201d din Ia\u015fi<br \/>Bulevardul Carol I nr.11<br \/>700506 \u2013 IASI \/ ROMANIA<br \/><strong>Fax<\/strong>: 0232 20 1802<\/p><p><strong>Email<\/strong>: relint(at)uaic.ro<\/p>\t\t\t\t\t\t\t\t<\/div>\n\t\t\t\t<\/div>\n\t\t<div class=\"elementor-element elementor-element-2e99925 e-con-full e-flex e-con e-child\" data-id=\"2e99925\" data-element_type=\"container\" data-e-type=\"container\" data-settings=\"{&quot;background_background&quot;:&quot;classic&quot;}\">\n\t\t\t\t<div class=\"elementor-element elementor-element-e704d9a elementor-widget elementor-widget-image\" data-id=\"e704d9a\" data-element_type=\"widget\" data-e-type=\"widget\" data-widget_type=\"image.default\">\n\t\t\t\t<div class=\"elementor-widget-container\">\n\t\t\t\t\t\t\t\t\t\t\t\t\t\t\t<img fetchpriority=\"high\" decoding=\"async\" width=\"730\" height=\"164\" src=\"https:\/\/international.uaic.ro\/wp-content\/uploads\/2026\/02\/RO_FundedbytheEU_RGB_Monochrome-1024x230.webp\" class=\"attachment-large size-large wp-image-3093 has-transparency\" alt=\"\" srcset=\"https:\/\/international.uaic.ro\/wp-content\/uploads\/2026\/02\/RO_FundedbytheEU_RGB_Monochrome-1024x230.webp 1024w, https:\/\/international.uaic.ro\/wp-content\/uploads\/2026\/02\/RO_FundedbytheEU_RGB_Monochrome-300x67.webp 300w, https:\/\/international.uaic.ro\/wp-content\/uploads\/2026\/02\/RO_FundedbytheEU_RGB_Monochrome-768x173.webp 768w, https:\/\/international.uaic.ro\/wp-content\/uploads\/2026\/02\/RO_FundedbytheEU_RGB_Monochrome-1536x345.webp 1536w, https:\/\/international.uaic.ro\/wp-content\/uploads\/2026\/02\/RO_FundedbytheEU_RGB_Monochrome-2048x460.webp 2048w\" sizes=\"(max-width: 730px) 100vw, 730px\" data-has-transparency=\"true\" data-dominant-color=\"00339b\" style=\"--dominant-color: #00339b\" \/>\t\t\t\t\t\t\t\t\t\t\t\t\t\t\t<\/div>\n\t\t\t\t<\/div>\n\t\t\t\t<div class=\"elementor-element elementor-element-91a1779 elementor-widget elementor-widget-text-editor\" data-id=\"91a1779\" data-element_type=\"widget\" data-e-type=\"widget\" data-widget_type=\"text-editor.default\">\n\t\t\t\t<div class=\"elementor-widget-container\">\n\t\t\t\t\t\t\t\t\t<p>Con\u0163inutul prezentului material reprezint\u0103 responsabilitatea exclusiv\u0103 a autorilor, iar Agen\u0163ia Na\u0163ional\u0103 \u015fi Comisia European\u0103 nu sunt responsabile pentru modul \u00een care va fi folosit con\u0163inutul informa\u0163iei.<\/p>\t\t\t\t\t\t\t\t<\/div>\n\t\t\t\t<\/div>\n\t\t\t\t<\/div>\n\t\t\t\t\t<\/div>\n\t\t\t\t<\/div>\n\t\t<div class=\"elementor-element elementor-element-e1fd54f e-flex e-con-boxed e-con e-parent\" data-id=\"e1fd54f\" data-element_type=\"container\" data-e-type=\"container\">\n\t\t\t\t\t<div class=\"e-con-inner\">\n\t\t\t\t\t<\/div>\n\t\t\t\t<\/div>\n\t\t\t\t<\/div>\n\t\t","protected":false},"excerpt":{"rendered":"<p>Programul Erasmus+ cu \u0162\u0103rile Ter\u0163e care nu sunt asociate la Program (non-UE) Mobilit\u0103\u021bi de studiu de lung\u0103 durat\u0103 Mobilit\u0103\u021bi de practic\u0103 de lung\u0103 durat\u0103 Mobilit\u0103\u021bi studen\u021be\u0219ti de scurt\u0103 durat\u0103 Mobilit\u0103\u021bi de Predare Mobilit\u0103\u021bi de Formare Carta Universitar\u0103 Erasmus+ UAIC 2021-2027\u00a0(EN\u00a0\/\u00a0RO) <a href=\"https:\/\/international.uaic.ro\/?page_id=3487\"> Read more&#8230;<\/a><\/p>\n","protected":false},"author":1,"featured_media":0,"parent":2821,"menu_order":0,"comment_status":"closed","ping_status":"closed","template":"","meta":{"footnotes":""},"class_list":["post-3487","page","type-page","status-publish","hentry"],"_links":{"self":[{"href":"https:\/\/international.uaic.ro\/index.php?rest_route=\/wp\/v2\/pages\/3487","targetHints":{"allow":["GET"]}}],"collection":[{"href":"https:\/\/international.uaic.ro\/index.php?rest_route=\/wp\/v2\/pages"}],"about":[{"href":"https:\/\/international.uaic.ro\/index.php?rest_route=\/wp\/v2\/types\/page"}],"author":[{"embeddable":true,"href":"https:\/\/international.uaic.ro\/index.php?rest_route=\/wp\/v2\/users\/1"}],"replies":[{"embeddable":true,"href":"https:\/\/international.uaic.ro\/index.php?rest_route=%2Fwp%2Fv2%2Fcomments&post=3487"}],"version-history":[{"count":25,"href":"https:\/\/international.uaic.ro\/index.php?rest_route=\/wp\/v2\/pages\/3487\/revisions"}],"predecessor-version":[{"id":3531,"href":"https:\/\/international.uaic.ro\/index.php?rest_route=\/wp\/v2\/pages\/3487\/revisions\/3531"}],"up":[{"embeddable":true,"href":"https:\/\/international.uaic.ro\/index.php?rest_route=\/wp\/v2\/pages\/2821"}],"wp:attachment":[{"href":"https:\/\/international.uaic.ro\/index.php?rest_route=%2Fwp%2Fv2%2Fmedia&parent=3487"}],"curies":[{"name":"wp","href":"https:\/\/api.w.org\/{rel}","templated":true}]}}