{"id":3230,"date":"2026-02-23T19:29:27","date_gmt":"2026-02-23T17:29:27","guid":{"rendered":"https:\/\/international.uaic.ro\/?page_id=3230"},"modified":"2026-03-15T22:00:19","modified_gmt":"2026-03-15T20:00:19","slug":"stagii-de-practica-absolvent","status":"publish","type":"page","link":"https:\/\/international.uaic.ro\/?page_id=3230","title":{"rendered":"Stagii de practic\u0103 \u2013 absolvent"},"content":{"rendered":"\t\t<div data-elementor-type=\"wp-page\" data-elementor-id=\"3230\" class=\"elementor elementor-3230\">\n\t\t\t\t<div class=\"elementor-element elementor-element-d62866a e-flex e-con-boxed e-con e-parent\" data-id=\"d62866a\" data-element_type=\"container\" data-e-type=\"container\">\n\t\t\t\t\t<div class=\"e-con-inner\">\n\t\t\t\t<div class=\"elementor-element elementor-element-5cbc2d4 elementor-widget elementor-widget-heading\" data-id=\"5cbc2d4\" data-element_type=\"widget\" data-e-type=\"widget\" data-widget_type=\"heading.default\">\n\t\t\t\t<div class=\"elementor-widget-container\">\n\t\t\t\t\t<h2 class=\"elementor-heading-title elementor-size-default\">Stagii de practic\u0103 - absolvent<\/h2>\t\t\t\t<\/div>\n\t\t\t\t<\/div>\n\t\t\t\t\t<\/div>\n\t\t\t\t<\/div>\n\t\t<div class=\"elementor-element elementor-element-966facf e-flex e-con-boxed e-con e-parent\" data-id=\"966facf\" data-element_type=\"container\" data-e-type=\"container\" data-settings=\"{&quot;background_background&quot;:&quot;classic&quot;}\">\n\t\t\t\t\t<div class=\"e-con-inner\">\n\t\t\t\t<div class=\"elementor-element elementor-element-65a258b elementor-widget elementor-widget-text-editor\" data-id=\"65a258b\" data-element_type=\"widget\" data-e-type=\"widget\" data-widget_type=\"text-editor.default\">\n\t\t\t\t<div class=\"elementor-widget-container\">\n\t\t\t\t\t\t\t\t\t<h3 class=\"entry-title fusion-responsive-typography-calculated\" data-fontsize=\"16\" data-lineheight=\"24px\"><strong>PROASP\u0102T ABSOLVEN\u021aI\u00a0<\/strong><\/h3><p>Dac\u0103 e\u0219ti student \u00een an terminal po\u021bi deveni beneficiar de stagii de practic\u0103 ERASMUS+ care s\u0103 aib\u0103 loc, at\u00e2t pe perioada ultimului an de studiu, c\u00e2t \u0219i\u00a0 \u00een primul an de dup\u0103 absolvire. \u00een acest din urm\u0103 caz, trebuie s\u0103 fii\u00a0<em><strong>selectat cel mai t\u00e2rziu p\u00e2n\u0103 la data \u00eencheierii sesiunii de evaluare\/examin\u0103ri din semestrul al II-lea al anului terminal\u00a0<\/strong><\/em>(\u00een acord cu ultima sesiune de selec\u021bie stabilit\u0103 la facultate).<\/p><p>O dat\u0103 selectat, vei avea statut de \u201cSelectat condi\u021bionat\u201d \u0219i vei deveni \u201ctitular\u201d al unui stagiu de practic\u0103 Erasmus+\u00a0<strong><em>dup\u0103 sus\u021binerea \u0219i \u00a0promovarea tuturor examenelor (sus\u021binerea \u0219i promovarea examenului de licen\u021b\u0103\/dizerta\u021bie nu este obligatorie \u00eenainte de \u00eenceperea mobilit\u0103\u021bii)<\/em><\/strong>.<\/p><p><strong>Dup\u0103 eliberarea adeverin\u021bei<\/strong>\u00a0care atest\u0103 promovarea examenelor, trebuie s\u0103 depui o\u00a0<a href=\"https:\/\/www.uaic.ro\/wp-content\/uploads\/2016\/01\/FORMULAR-1-CERERE-DEPLASARE_modificat_2017.pdf\"><strong>cerere tip pentru emiterea Dispozi\u0163iei Rectorului pentru deplas\u0103rile \u00een str\u0103in\u0103tate (formular)<\/strong><\/a>\u00a0adresat\u0103 Biroului Executiv al Consiliului de Administra\u021bie al UAIC, prin Compartimentul Erasmus+, dup\u0103 urm\u0103torul\u00a0<a href=\"https:\/\/www.uaic.ro\/wp-content\/uploads\/2024\/11\/formular-cerere-de-deplasare_model-de-completare_2024-2026.pdf\"><strong>model<\/strong>.<\/a><\/p><p>\u00cempreun\u0103 cu aceast\u0103 cerere vei aduce si urm\u0103toarele documente:<\/p><p>1.\u00a0<a href=\"https:\/\/www.uaic.ro\/wp-content\/uploads\/2024\/11\/2.-Learning-agreement-Before-the-mobility-Traineeship-3.docx\"><strong>Learning Agreement Student Mobility for Traineeships 2022-2024<\/strong><\/a>\u00a0\u2013\u00a0completat \u0219i semnat de c\u0103tre toate p\u0103r\u021bile contractante\u00a0(<strong><a href=\"https:\/\/www.uaic.ro\/wp-content\/uploads\/2019\/11\/4.-Anexa_V_STUDENTI_Learning-agreement_traineesh_guidelines_final_2019.docx.pdf\">ghid de completare<\/a><\/strong>,\u00a0respectiv\u00a0<strong><a href=\"https:\/\/www.uaic.ro\/wp-content\/uploads\/2023\/09\/Model-de-completare_Learning-agreement_traineeships_form_final_2023.docx\">model de completare<\/a><\/strong>)<\/p><p>2.\u00a0<a href=\"https:\/\/www.uaic.ro\/wp-content\/uploads\/2024\/11\/3.-ConfirmationLetterErasmus_SMT-2.doc\"><strong>Scrisoare de accept\u00a0(formular)<\/strong><\/a>\u00a0oficial\u0103 din partea institu\u0163iei gazda<\/p><p>3.\u00a0<strong><a href=\"https:\/\/www.uaic.ro\/wp-content\/uploads\/2024\/11\/4.-Declaratie-Erasmus_SMT-1-1.doc\">Declara\u021bie \u2013 tip de mobilitate de practic\u0103 Erasmus<\/a>\u00a0<\/strong><\/p><p>4.\u00a0<a href=\"https:\/\/www.uaic.ro\/wp-content\/uploads\/2024\/11\/declaratiedublafin_SMT-la-revenire-1.doc\"><strong>Declara\u0163ie pe propria r\u0103spundere de evitare a dublei finan\u0163\u0103ri (\u00eenainte de plecare)<\/strong><\/a><\/p><p>5.\u00a0<a href=\"https:\/\/www.uaic.ro\/wp-content\/uploads\/2024\/11\/5.-Fisa_bursier_ERASMUS_SMT-1.doc\"><strong>Fi\u0219a bursierului Erasmus+<\/strong><\/a><\/p><p>6.\u00a0<strong><em>Adeverin\u021b\u0103 de la Secretariatul facult\u0103\u021bii la care e\u0219ti \u00eenmatricultat la momentul selec\u021biei, care s\u0103 ateste statutul de absolvent (f\u0103r\u0103 licen\u021b\u0103\/dizerta\u021bie).<\/em><\/strong><\/p><p><strong><em>Important!!!<\/em><\/strong><\/p><p><strong><em>Cererea\u00a0<\/em><\/strong><em>(\u00eenso\u021bit\u0103 de documentele mai sus men\u021bionate)\u00a0<strong>trebuie d<\/strong><\/em><strong><em>epus\u0103 la Compartimentul ERASMUS+,\u00a0<\/em><\/strong><em>din cadrul Serviciului Rela\u0163ii Interna\u0163ionale (SRI),<\/em>\u00a0<strong><em>cu cel pu\u021bin 14 zile \u00eenainte de \u00eenceperea mobilit\u0103\u021bii pentru a fi aprobate de conducerea universit\u0103\u021bii.\u00a0<\/em><\/strong>\u00cen momentul depunerii contractului financiar la Compartimentul Erasmus+, trebuie s\u0103 ridici Ordinul Rectorului\/Dispozi\u021bia de deplasare.<\/p><p>Contractul financiar se completeaz\u0103 numai electronic \u0219i se printeaz\u0103 \u00een dou\u0103 exemplare.<\/p><p>Dup\u0103 emiterea\u00a0<strong><em>Dispozi\u021biei Rectorului<\/em><\/strong>, vei fi anun\u021bat prin e-mail c\u0103 e\u0219ti a\u0219teptat s\u0103 depui urm\u0103toarele documente:<\/p><p>1. Contract financiar \u2013 completat, semnat \u015fi autentificat (formularul se gase\u015fte doar la Compartimentul Erasmus+)<\/p><p>2. Extras de cont \u00een Euro<\/p><p>3. Copie dup\u0103 Cardul European de S\u0103n\u0103tate (recomandat)<\/p><p>4. Copii dup\u0103 3\u00a0tipuri de asigur\u0103ri \u00eencheiate:\u00a0asigurare medical\u0103 de s\u0103n\u0103tate,\u00a0asigurare de r\u0103spundere civil\u0103 \u0219i\u00a0asigurare \u00eempotriva accidentelor la locul de practic\u0103<\/p><p>5. Copie dup\u0103 cartea de identitate\u00a0<\/p><p>Contractul financiar se completeaz\u0103 numai electronic \u0219i se printeaz\u0103 \u00een dou\u0103 exemplare.<\/p><p>Ulterior, te vei prezenta la Compartimentul Erasmus+ pentru semnarea contractului financiar (2 exemplare). Vei semna contractul financiar numai \u00een fa\u021ba reprezentantului Compartimentului Erasmus+. \u00cempreun\u0103 cu contractul, vei aduce \u0219i urm\u0103toarele documente: extras de cont in Euro, asigurare medical\u0103 de s\u0103n\u0103tate (card european sau oricare alt\u0103 asigurare privat\u0103 cu valabilitate pe toat\u0103 durata mobilit\u0103\u021bii), copie buletin.<\/p><p><strong>Contractul financiar completat \u0219i semnat, \u00eempreun\u0103 cu documentele \u00eenso\u021bitoare<\/strong>, este transmis responsabilului financiar Erasmus+ de la Serviciul Rela\u021bii Interna\u021bionale cu\u00a0<strong>minimum 5 zile lucr\u0103toare \u00eenainte de \u00eenceperea mobilit\u0103\u021bii.<\/strong><\/p><p><strong><em>Aten\u021bie!<\/em><\/strong><\/p><p>Durata mobilit\u0103\u0163ilor poate fi de minimum 2 luni \u0219i de maximum 12 luni, dar f\u0103r\u0103 a dep\u0103\u0219i 12 luni de mobilitate ERASMUS+ per ciclu de studiu.<\/p><p>Po\u021bi beneficia de mobilit\u0103\u0163i de studiu \u015fi de practic\u0103 la fiecare nivel de studiu (licen\u0163\u0103, master, doctorat) \u00eensum\u00e2nd\u00a0<em>maximum 12 luni de mobilitate<\/em>\u00a0(studiu \u0219i\/sau practic\u0103) per nivel.\u00a0<strong><em>Perioada stagiului desf\u0103\u0219urat \u00een calitate de proasp\u0103t absolvent se calculeaz\u0103 pentru\u00a0nivelul de studiu recent \u00eencheiat.<\/em><\/strong><\/p><p><em>Mai multe despre Programul ERASMUS<\/em>+<a href=\"https:\/\/www.uaic.ro\/international\/programul-erasmus\/studenti\/mobilitati-de-practica-erasmus\/\" target=\"_blank\" rel=\"noopener noreferrer\">\u00a0<strong>aici\u00a0<\/strong><\/a><\/p><h4 class=\"fusion-responsive-typography-calculated\" data-fontsize=\"13\" data-lineheight=\"19.5px\"><em><strong>Important!!!<\/strong><\/em><\/h4><p><a href=\"http:\/\/www.uaic.ro\/wp-content\/uploads\/2016\/01\/OLS.pdf\" target=\"_blank\" rel=\"noopener noreferrer\"><img decoding=\"async\" class=\"alignleft wp-image-29535 lazyloaded\" src=\"http:\/\/www.uaic.ro\/wp-content\/uploads\/2016\/01\/ols2.jpg\" alt=\"ols2\" width=\"300\" height=\"158\" data-orig-src=\"http:\/\/www.uaic.ro\/wp-content\/uploads\/2016\/01\/ols2.jpg\" \/><\/a><\/p><p>Dup\u0103 \u00eencheierea \u00a0contractului financiar, la \u00eenceputul stagiului, vei primi, prin e-mail, o invita\u021bie de efectuare a\u00a0<strong><em>testului ini\u021bial de limb\u0103<\/em><\/strong>.\u00a0<em>Realizarea acestuia \u00een perioada indicat\u0103\u00a0\u00een e-mail-ul primit\u00a0reprezint\u0103 obliga\u021bie contractual\u0103!\u00a0<\/em><\/p><p>In cazul \u00een care rezultatul ob\u021binut la testul de limb\u0103 va fi\u00a0<strong><em>sub nivelul B2<\/em><\/strong>\u00a0va fi generat de pe platforma european\u0103, \u00een mod automat, \u00a0un\u00a0<em>curs on-line<\/em>\u00a0 pe care trebuie s\u0103 \u00eel urmezi. \u00a0Acest curs va fi frecventat de c\u0103tre tine pe perioada desf\u0103\u0219ur\u0103rii stagiului de practic\u0103.\u00a0<em>Participarea la curs este obligatorie!<\/em><\/p><p>Dac\u0103\u00a0rezultatul ob\u021binut la testul de limb\u0103 va fi\u00a0<em><strong>cel pu\u021bin<\/strong><\/em>\u00a0<strong><em>B2, po\u021bi solicita un curs on-line pentru limba ceh\u0103, danez\u0103, greac\u0103, englez\u0103, francez\u0103, german\u0103, italian\u0103, spaniol\u0103, olandez\u0103, polonez\u0103, portughez\u0103 sau suedez\u0103,\u00a0<\/em><\/strong><em>ori\u00a0<\/em><em>pentru\u00a0alte limbi \u00een m\u0103sura \u00een care acestea devin disponibile \u00een instrumentul Online Linguistic Support (OLS). Odat\u0103 accesat, cursul solicitat devine obligatoriu.<\/em><\/p><p>Mai multe informatii privind \u00a0<strong><em>Erasmus+ Online Linguistic Support<\/em>\u00a0<a href=\"https:\/\/academy.europa.eu\/local\/euacademy\/pages\/course\/community-overview.php?title=learn-a-new-language\">aici<\/a><\/strong><\/p><p><a href=\"http:\/\/www.uaic.ro\/wp-content\/uploads\/2016\/01\/OLS.pdf\" target=\"_blank\" rel=\"noopener noreferrer\"><img fetchpriority=\"high\" decoding=\"async\" class=\"alignleft wp-image-29534 size-full lazyloaded\" src=\"http:\/\/www.uaic.ro\/wp-content\/uploads\/2016\/01\/ols.jpg\" alt=\"ols\" width=\"695\" height=\"266\" data-orig-src=\"http:\/\/www.uaic.ro\/wp-content\/uploads\/2016\/01\/ols.jpg\" \/><\/a><\/p><p>Pentru mai multe detalii va rugam sa accesati\u00a0canalul\u00a0<a href=\"https:\/\/www.youtube.com\/playlist?list=PLJmEREKFYU8U_GYsj0c-nR56iVp4q1ud4\" target=\"_blank\" rel=\"noopener noreferrer\"><strong>EuTube<\/strong>\u00a0<\/a><a href=\"https:\/\/www.youtube.com\/playlist?list=PLJmEREKFYU8U_GYsj0c-nR56iVp4q1ud4\" target=\"_blank\" rel=\"noopener noreferrer\"><img decoding=\"async\" class=\"wp-image-29546 alignnone lazyloaded\" src=\"http:\/\/www.uaic.ro\/wp-content\/uploads\/2016\/01\/ols3.jpg\" alt=\"ols3\" width=\"188\" height=\"114\" data-orig-src=\"http:\/\/www.uaic.ro\/wp-content\/uploads\/2016\/01\/ols3.jpg\" \/><\/a><\/p>\t\t\t\t\t\t\t\t<\/div>\n\t\t\t\t<\/div>\n\t\t\t\t\t<\/div>\n\t\t\t\t<\/div>\n\t\t\t\t<\/div>\n\t\t","protected":false},"excerpt":{"rendered":"<p>Stagii de practic\u0103 &#8211; absolvent PROASP\u0102T ABSOLVEN\u021aI\u00a0 Dac\u0103 e\u0219ti student \u00een an terminal po\u021bi deveni beneficiar de stagii de practic\u0103 ERASMUS+ care s\u0103 aib\u0103 loc, at\u00e2t pe perioada ultimului an de studiu, c\u00e2t \u0219i\u00a0 \u00een primul an de dup\u0103 absolvire. <a href=\"https:\/\/international.uaic.ro\/?page_id=3230\"> Read more&#8230;<\/a><\/p>\n","protected":false},"author":1,"featured_media":0,"parent":0,"menu_order":0,"comment_status":"closed","ping_status":"closed","template":"","meta":{"footnotes":""},"class_list":["post-3230","page","type-page","status-publish","hentry"],"_links":{"self":[{"href":"https:\/\/international.uaic.ro\/index.php?rest_route=\/wp\/v2\/pages\/3230","targetHints":{"allow":["GET"]}}],"collection":[{"href":"https:\/\/international.uaic.ro\/index.php?rest_route=\/wp\/v2\/pages"}],"about":[{"href":"https:\/\/international.uaic.ro\/index.php?rest_route=\/wp\/v2\/types\/page"}],"author":[{"embeddable":true,"href":"https:\/\/international.uaic.ro\/index.php?rest_route=\/wp\/v2\/users\/1"}],"replies":[{"embeddable":true,"href":"https:\/\/international.uaic.ro\/index.php?rest_route=%2Fwp%2Fv2%2Fcomments&post=3230"}],"version-history":[{"count":4,"href":"https:\/\/international.uaic.ro\/index.php?rest_route=\/wp\/v2\/pages\/3230\/revisions"}],"predecessor-version":[{"id":3260,"href":"https:\/\/international.uaic.ro\/index.php?rest_route=\/wp\/v2\/pages\/3230\/revisions\/3260"}],"wp:attachment":[{"href":"https:\/\/international.uaic.ro\/index.php?rest_route=%2Fwp%2Fv2%2Fmedia&parent=3230"}],"curies":[{"name":"wp","href":"https:\/\/api.w.org\/{rel}","templated":true}]}}