{"id":3120,"date":"2026-02-22T00:55:11","date_gmt":"2026-02-21T22:55:11","guid":{"rendered":"https:\/\/international.uaic.ro\/?page_id=3120"},"modified":"2026-02-22T01:08:19","modified_gmt":"2026-02-21T23:08:19","slug":"la-intoarcere","status":"publish","type":"page","link":"https:\/\/international.uaic.ro\/?page_id=3120","title":{"rendered":"La \u00eentoarcere"},"content":{"rendered":"\t\t<div data-elementor-type=\"wp-page\" data-elementor-id=\"3120\" class=\"elementor elementor-3120\">\n\t\t\t\t<div class=\"elementor-element elementor-element-56647c2 e-flex e-con-boxed e-con e-parent\" data-id=\"56647c2\" data-element_type=\"container\" data-e-type=\"container\">\n\t\t\t\t\t<div class=\"e-con-inner\">\n\t\t\t\t<div class=\"elementor-element elementor-element-f38181b elementor-widget elementor-widget-heading\" data-id=\"f38181b\" data-element_type=\"widget\" data-e-type=\"widget\" data-widget_type=\"heading.default\">\n\t\t\t\t<div class=\"elementor-widget-container\">\n\t\t\t\t\t<h2 class=\"elementor-heading-title elementor-size-default\">Mobilit\u0103\u021bi de studiu \u2013 la \u00eentoarcerea din mobilitate<\/h2>\t\t\t\t<\/div>\n\t\t\t\t<\/div>\n\t\t\t\t\t<\/div>\n\t\t\t\t<\/div>\n\t\t<div class=\"elementor-element elementor-element-df8ef57 e-flex e-con-boxed e-con e-parent\" data-id=\"df8ef57\" data-element_type=\"container\" data-e-type=\"container\" data-settings=\"{&quot;background_background&quot;:&quot;classic&quot;}\">\n\t\t\t\t\t<div class=\"e-con-inner\">\n\t\t\t\t<div class=\"elementor-element elementor-element-9d37d4e elementor-widget elementor-widget-text-editor\" data-id=\"9d37d4e\" data-element_type=\"widget\" data-e-type=\"widget\" data-widget_type=\"text-editor.default\">\n\t\t\t\t<div class=\"elementor-widget-container\">\n\t\t\t\t\t\t\t\t\t<h3 class=\"fusion-responsive-typography-calculated\" data-fontsize=\"16\" data-lineheight=\"24px\"><strong>PA\u0218I DE URMAT LA REVENIREA DIN MOBILITATEA DE STUDIU ERASMUS+<\/strong><\/h3><p><strong>\u00a0<\/strong>\u00cen termen de\u00a0<strong>10 zile lucr\u0103toare de la data \u00eencheierii mobilit\u0103\u021bii<\/strong>, trebuie s\u0103 depui la Serviciul Rela\u021bii Interna\u021bionale (Compartimentul Erasmus+) al Universit\u0103\u021bii \u201eAlexandru Ioan Cuza\u201d din Ia\u0219i urm\u0103toarele documente (nu uita s\u0103 \u00ee\u021bi faci\u00a0<strong><a href=\"https:\/\/calendar.google.com\/calendar\/u\/0\/appointments\/schedules\/AcZssZ0OL38cgHSc97ldni4RaUlikE50-NzqPHQ7R3MuARI-fKOG8tfv1hRtyjglBnr4fR4lMzLOCg1u\">programare<\/a><\/strong>\u00a0\u00eenainte):<\/p><ul><li><em>Acordul de formare profesional\u0103<\/em>\u00a0(<strong>\u201eLearning Agreement \u2013 Student Mobility for Studies\u201d<\/strong>) \u2013<strong>\u00a0<a href=\"https:\/\/www.uaic.ro\/wp-content\/uploads\/2022\/03\/Changes-to-the-learning-agreement_2022-002.doc\">modific\u0103ri Learning Agreement<\/a><\/strong>\u00a0semnat de tine \u0219i reprezentan\u021bii celor dou\u0103 universit\u0103\u021bi,\u00a0<em>\u00een cazul modific<\/em><em>\u0103<\/em><em>rii disciplinelor ini\u021bial aprobate prin Learning Agreement<\/em>\u00a0\u2013\u00a0<strong>copie<\/strong>. Modific\u0103rile se pot efectua \u00een\u00a0<u>termen de 5 s\u0103pt\u0103m\u00e2ni de la \u00eenceperea semestrului<\/u>.<\/li><li><strong><a href=\"https:\/\/www.uaic.ro\/wp-content\/uploads\/2024\/10\/Certificate-of-stay-1.doc\">Certificate of stay<\/a>\u00a0<em>(Certificatul de \u0219edere<\/em><\/strong><strong><em>)<\/em><\/strong>\u00a0emis de organiza\u021bia gazd\u0103 la finalul mobilit\u0103\u021bii de studiu care s\u0103 confirme \u00eendeplinirea programului de studiu \u0219i durata sa\u2013\u00a0<strong>\u00een original sau semnat digital cu o semn\u0103tur\u0103 electronic\u0103 certificat\u0103\/autorizat\u0103.\u00a0<\/strong>Documentele care prezint\u0103 modific\u0103ri, \u0219ters\u0103turi sau m\u00e2zg\u0103lituri vor fi considerate invalide si se vor solicita din nou documentele in original.\u00a0<strong>NU sunt acceptate certificate scanate \u0219i trimise ulterior pe email.<\/strong><\/li><\/ul><p><strong>ATEN\u021aIE!!!!! Perioada care va fi completat\u0103 de c\u0103tre reprezentan\u021bii universit\u0103\u021bii gazd\u0103 \u00een certificatul de \u0219edere corespunde cu perioada mobilit\u0103\u021bii la universitatea gazd\u0103. Documentul nu va fi completat cu datele c\u0103l\u0103toriei, ci strict cu perioada \u00een care studentul va fi prezent fizic la universitatea gazd\u0103. OBLIGATORIU va con\u021bine dat\u0103 de emitere (<em>date of issuance<\/em>\u00a0se completeaz\u0103 la finalul mobilit\u0103\u021bii).<\/strong><\/p><ul><li><a href=\"https:\/\/www.uaic.ro\/wp-content\/uploads\/2024\/10\/SMS-LUNGI-REVENIRE-Declara%C8%9Bie-pe-propria-r%C4%83spundere-pentru-evitarea-dublei-finan%C8%9B%C4%83ri-2.doc\"><strong>Declara\u021bia pe propria r\u0103spundere pentru evitarea dublei finan\u021b\u0103ri<\/strong><\/a>\u00a0\u2013<strong>\u00a0original<\/strong>;<\/li><li><strong><em>Documentele de transport interna\u021bional<\/em><\/strong>\u00a0(biletele dus-\u00eentors, inclusiv tichetele de \u00eembarcare \u2013 \u00een cazul transportului cu avionul) \u2013\u00a0<strong>original\u00a0<\/strong>sau<strong>\u00a0copie +\u00a0<em>contractul de cazare\/\u00eenchiriere<\/em>, \u00een cazul \u00een care nu se poate face dovada transportului.<\/strong><\/li><li><strong><a href=\"https:\/\/docs.google.com\/forms\/d\/e\/1FAIpQLScGt2OhhIfoyZB2SzE6Cn_r5mdYszyCihRg5lLnm0dDFxseDg\/viewform?usp=header\">Feedback mobilitate de studiu Erasmus+ \u2013 Google Forms<\/a><\/strong><\/li><li><a href=\"https:\/\/www.uaic.ro\/wp-content\/uploads\/2026\/01\/Anexa-2-Cerere-de-echivalare-%C8%99i-recunoa%C8%99tere-studiu.docx\"><strong>Cerere de echivalare \u0219i recunoa\u0219tere academic\u0103\u00a0<\/strong><\/a>(se depune la facultate \u00eempreun\u0103 cu TOR-ul)<\/li><li><a href=\"https:\/\/www.uaic.ro\/wp-content\/uploads\/2026\/01\/Anexa-4-Adeverinta-de-echivalare-%C8%99i-recunoa%C8%99tere-studiu.docx\"><strong>Adeverin\u0163\u0103 de echivalare \u0219i recunoa\u0219tere studiu<\/strong><\/a><\/li><\/ul><p><a href=\"https:\/\/www.uaic.ro\/wp-content\/uploads\/2025\/10\/SREI-Regulament-Erasmus-KA131_revizie-2025.pdf\"><strong>Regulament recunoa\u0219tere \u0219i echivalare ERASMUS studiu \u0219i practic\u0103<\/strong><\/a><\/p><h3 class=\"fusion-responsive-typography-calculated\" data-fontsize=\"16\" data-lineheight=\"24px\">Anexe:<\/h3><p><a href=\"https:\/\/www.uaic.ro\/wp-content\/uploads\/2022\/03\/Anexa-2-Grila-de-echivalare-a-notelor.doc\">Grila de echivalare a notelor<\/a><\/p><p>\u00cen termen de\u00a0<strong>maxim 30 de zile calendaristice de la data de finalizare a mobilit\u0103\u021bii de\u00a0<\/strong><strong>studiu<\/strong>\u00a0vei depune la dosar\u00a0<em>Situa\u021bia \u0219colar\u0103\u00a0<\/em><em>\u201e<\/em><em>Transcript of Records<\/em><em>\u201d<\/em>\u00a0(emis\u0103 \u0219i datat\u0103 de universitatea gazd\u0103 privind rezultatele academice aferente mobilit\u0103\u021bii Erasmus+)\u00a0<strong>original\u00a0<\/strong>sau<strong>\u00a0copie<\/strong>;<\/p><p>\u00cen termen de<b>\u00a0maxim 30 de zile calendaristice de la primirea pe email a\u00a0<\/b><b>invita\u021biei<\/b><b>\u00a0de completare<\/b>, trebuie s\u0103 completezi \u0219i s\u0103 transmi\u021bi on-line\u00a0<strong>chestionarul UE<\/strong>\u00a0(feedback-ul \u00een limba englez\u0103).<\/p>\t\t\t\t\t\t\t\t<\/div>\n\t\t\t\t<\/div>\n\t\t\t\t\t<\/div>\n\t\t\t\t<\/div>\n\t\t\t\t<\/div>\n\t\t","protected":false},"excerpt":{"rendered":"<p>Mobilit\u0103\u021bi de studiu \u2013 la \u00eentoarcerea din mobilitate PA\u0218I DE URMAT LA REVENIREA DIN MOBILITATEA DE STUDIU ERASMUS+ \u00a0\u00cen termen de\u00a010 zile lucr\u0103toare de la data \u00eencheierii mobilit\u0103\u021bii, trebuie s\u0103 depui la Serviciul Rela\u021bii Interna\u021bionale (Compartimentul Erasmus+) al Universit\u0103\u021bii \u201eAlexandru <a href=\"https:\/\/international.uaic.ro\/?page_id=3120\"> Read more&#8230;<\/a><\/p>\n","protected":false},"author":1,"featured_media":0,"parent":0,"menu_order":0,"comment_status":"closed","ping_status":"closed","template":"","meta":{"footnotes":""},"class_list":["post-3120","page","type-page","status-publish","hentry"],"_links":{"self":[{"href":"https:\/\/international.uaic.ro\/index.php?rest_route=\/wp\/v2\/pages\/3120","targetHints":{"allow":["GET"]}}],"collection":[{"href":"https:\/\/international.uaic.ro\/index.php?rest_route=\/wp\/v2\/pages"}],"about":[{"href":"https:\/\/international.uaic.ro\/index.php?rest_route=\/wp\/v2\/types\/page"}],"author":[{"embeddable":true,"href":"https:\/\/international.uaic.ro\/index.php?rest_route=\/wp\/v2\/users\/1"}],"replies":[{"embeddable":true,"href":"https:\/\/international.uaic.ro\/index.php?rest_route=%2Fwp%2Fv2%2Fcomments&post=3120"}],"version-history":[{"count":4,"href":"https:\/\/international.uaic.ro\/index.php?rest_route=\/wp\/v2\/pages\/3120\/revisions"}],"predecessor-version":[{"id":3139,"href":"https:\/\/international.uaic.ro\/index.php?rest_route=\/wp\/v2\/pages\/3120\/revisions\/3139"}],"wp:attachment":[{"href":"https:\/\/international.uaic.ro\/index.php?rest_route=%2Fwp%2Fv2%2Fmedia&parent=3120"}],"curies":[{"name":"wp","href":"https:\/\/api.w.org\/{rel}","templated":true}]}}