{"id":1609,"date":"2025-02-06T09:06:11","date_gmt":"2025-02-06T07:06:11","guid":{"rendered":"https:\/\/international.uaic.ro\/?page_id=1609"},"modified":"2025-05-28T12:05:59","modified_gmt":"2025-05-28T09:05:59","slug":"serviciul-relatii-internationale-universitatea-alexandru-ioan-cuza-din-iasi-mobile","status":"publish","type":"page","link":"https:\/\/international.uaic.ro\/?page_id=1609","title":{"rendered":"Serviciul Rela\u021bii Interna\u021bionale"},"content":{"rendered":"\n<p class=\"has-text-align-left has-text-color has-link-color has-medium-font-size wp-elements-c3e917a73bb3e702546c2acce8e7d1cf\" style=\"color:#054164;padding-top:var(--wp--preset--spacing--20);padding-bottom:var(--wp--preset--spacing--20)\"><a href=\"https:\/\/international.uaic.ro\/category\/achizitii-directe\/\"><strong>ACHIZI\u021aII DIRECTE<\/strong><\/a><\/p>\n\n\n<div class=\"pt-cv-wrapper\"><div class=\"pt-cv-view pt-cv-collapsible\" id=\"pt-cv-view-674a35bzln\"><div data-id=\"pt-cv-page-1\" class=\"pt-cv-page\" data-cvc=\"1\"><div class=\"panel-group\" id=\"bf5fdd5ejt\"><div class=\"panel panel-default pt-cv-content-item pt-cv-1-col\" >\r\n<div class=\"panel-heading pt-cv-title\">\r\n    <a class=\"panel-title\" data-toggle=\"cvcollapse\" data-parent=\"#bf5fdd5ejt\" data-target=\"#c0956ffewr\" href='https:\/\/international.uaic.ro\/?p=2669' onclick='event.preventDefault()'>\r\n\t\tAchizitie abonament Canva for Teams\t<\/a>\r\n\t<\/div>\r\n<div id=\"c0956ffewr\" class=\"panel-collapse collapse in\">\r\n\t<div class=\"panel-body\">\r\n\t\t<div class=\"pt-cv-content\">Universitatea \u201dAlexandru Ioan Cuza\u201d din Ia\u0219i achizi\u021bioneaz\u0103 prin cump\u0103rare direct\u0103 abonament Canva for Teams, conform solicit\u0103rii de ofert\u0103 de mai jos: Solicitare oferta Abonament Canva &#8230;<br \/><div class=\"pt-cv-rmwrap\"><a href=\"https:\/\/international.uaic.ro\/?p=2669\" class=\"_self pt-cv-readmore btn btn-success\" target=\"_self\">Mai multe detalii<\/a><\/div><\/div>\t<\/div>\r\n<\/div><\/div>\n<div class=\"panel panel-default pt-cv-content-item pt-cv-1-col\" >\r\n<div class=\"panel-heading pt-cv-title\">\r\n    <a class=\"panel-title\" data-toggle=\"cvcollapse\" data-parent=\"#bf5fdd5ejt\" data-target=\"#c06bd9ftxb\" href='https:\/\/international.uaic.ro\/?p=2665' onclick='event.preventDefault()'>\r\n\t\tAchizitie servicii de mentenanta si reparatii la instalatii de climatizare\t<\/a>\r\n\t<\/div>\r\n<div id=\"c06bd9ftxb\" class=\"panel-collapse collapse \">\r\n\t<div class=\"panel-body\">\r\n\t\t<div class=\"pt-cv-content\">Universitatea Alexandru Ioan Cuza din Iasi achizitioneaza prin cumparare directa servicii de mentenanta instalatii climatizare, conform detaliilor din solicitarea de mai jos: Solicitare oferta specificatii tehnice 2025 &#8230;<br \/><div class=\"pt-cv-rmwrap\"><a href=\"https:\/\/international.uaic.ro\/?p=2665\" class=\"_self pt-cv-readmore btn btn-success\" target=\"_self\">Mai multe detalii<\/a><\/div><\/div>\t<\/div>\r\n<\/div><\/div>\n<div class=\"panel panel-default pt-cv-content-item pt-cv-1-col\" >\r\n<div class=\"panel-heading pt-cv-title\">\r\n    <a class=\"panel-title\" data-toggle=\"cvcollapse\" data-parent=\"#bf5fdd5ejt\" data-target=\"#a24693924q\" href='https:\/\/international.uaic.ro\/?p=2646' onclick='event.preventDefault()'>\r\n\t\tAchizi\u021bie Echipamente PSI UAIC\t<\/a>\r\n\t<\/div>\r\n<div id=\"a24693924q\" class=\"panel-collapse collapse \">\r\n\t<div class=\"panel-body\">\r\n\t\t<div class=\"pt-cv-content\">Universitatea \u201dAlexandru Ioan Cuza\u201d din Ia\u0219i achizi\u021bioneaz\u0103 prin cump\u0103rare direct\u0103 Echipamente PSI UAIC, conform cerin\u021belor de mai jos: solicitare oferte \u2013 Echipamente PSI UAIC\u00a0. Data limit\u0103 de depunere a ofertelor: &#8230;<br \/><div class=\"pt-cv-rmwrap\"><a href=\"https:\/\/international.uaic.ro\/?p=2646\" class=\"_self pt-cv-readmore btn btn-success\" target=\"_self\">Mai multe detalii<\/a><\/div><\/div>\t<\/div>\r\n<\/div><\/div>\n<div class=\"panel panel-default pt-cv-content-item pt-cv-1-col\" >\r\n<div class=\"panel-heading pt-cv-title\">\r\n    <a class=\"panel-title\" data-toggle=\"cvcollapse\" data-parent=\"#bf5fdd5ejt\" data-target=\"#c84630etez\" href='https:\/\/international.uaic.ro\/?p=2644' onclick='event.preventDefault()'>\r\n\t\tLicita\u0163ie public\u0103 cu strigare \u00een vederea \u00eenchirierii a 21 mp pentru instalarea a 21 automate de cafea\t<\/a>\r\n\t<\/div>\r\n<div id=\"c84630etez\" class=\"panel-collapse collapse \">\r\n\t<div class=\"panel-body\">\r\n\t\t<div class=\"pt-cv-content\">Universitatea \u201eAlexandru Ioan Cuza\u201d din Ia\u015fi organizeaz\u0103, \u00een data de 03.11.2023, ora 10.00, la sediul institu\u0163iei, situat \u00een B-dul Carol I nr.11, Rectorat \u2013 Sala Senat, licita\u0163ie public\u0103 cu strigare &#8230;<br \/><div class=\"pt-cv-rmwrap\"><a href=\"https:\/\/international.uaic.ro\/?p=2644\" class=\"_self pt-cv-readmore btn btn-success\" target=\"_self\">Mai multe detalii<\/a><\/div><\/div>\t<\/div>\r\n<\/div><\/div><\/div><\/div><\/div><\/div>\n\n\n<p class=\"has-text-color has-link-color has-medium-font-size wp-elements-73d9b758d3ceb5ccb0288cb368f26066\" style=\"color:#054164\"><strong><a href=\"https:\/\/international.uaic.ro\/category\/licitatii-deschise\/\">LICITA\u021aII DESCHISE<\/a><\/strong><\/p>\n\n\n<div class=\"pt-cv-wrapper\">Error: View <strong>47dd8b3efv<\/strong> may not exist<\/div>\n\n\n<p class=\"has-text-color has-link-color has-medium-font-size wp-elements-149f15290443a833945a9fc57c2a165c\" style=\"color:#054164\"><strong><a href=\"https:\/\/international.uaic.ro\/category\/proceduri-simplificate\/\">PROCEDURI SIMPLIFICATE<\/a><\/strong><\/p>\n\n\n<div class=\"pt-cv-wrapper\"><div class=\"pt-cv-view pt-cv-collapsible\" id=\"pt-cv-view-ba6daa0px4\"><div data-id=\"pt-cv-page-1\" class=\"pt-cv-page\" data-cvc=\"1\"><div class=\"panel-group\" id=\"ad2c44a63j\"><div class=\"panel panel-default pt-cv-content-item pt-cv-1-col\" >\r\n<div class=\"panel-heading pt-cv-title\">\r\n    <a class=\"panel-title\" data-toggle=\"cvcollapse\" data-parent=\"#ad2c44a63j\" data-target=\"#c9c693dsmg\" href='https:\/\/international.uaic.ro\/?p=2650' onclick='event.preventDefault()'>\r\n\t\tAchizi\u021bie Servicii de organizare conferin\u021b\u0103\/ program leadership\t<\/a>\r\n\t<\/div>\r\n<div id=\"c9c693dsmg\" class=\"panel-collapse collapse in\">\r\n\t<div class=\"panel-body\">\r\n\t\t<div class=\"pt-cv-content\">Universitatea \u201dAlexandru Ioan Cuza\u201d din Ia\u0219i achizi\u021bioneaz\u0103 Servicii organizare Conferin\u021b\u0103\/program leadership \u201eBecoming a leader\u201d \u00een perioada 16-21 februarie 2025, conform detaliilor din Invita\u021bia de participare de mai jos: Invitatie de &#8230;<br \/><div class=\"pt-cv-rmwrap\"><a href=\"https:\/\/international.uaic.ro\/?p=2650\" class=\"_self pt-cv-readmore btn btn-success\" target=\"_self\">Mai multe detalii<\/a><\/div><\/div>\t<\/div>\r\n<\/div><\/div>\n<div class=\"panel panel-default pt-cv-content-item pt-cv-1-col\" >\r\n<div class=\"panel-heading pt-cv-title\">\r\n    <a class=\"panel-title\" data-toggle=\"cvcollapse\" data-parent=\"#ad2c44a63j\" data-target=\"#c5b2e0bt8l\" href='https:\/\/international.uaic.ro\/?p=2648' onclick='event.preventDefault()'>\r\n\t\tAchizi\u021bie Servicii de proiectare (faza D.A.L.I)\t<\/a>\r\n\t<\/div>\r\n<div id=\"c5b2e0bt8l\" class=\"panel-collapse collapse \">\r\n\t<div class=\"panel-body\">\r\n\t\t<div class=\"pt-cv-content\">Universitatea \u201eAlexandru Ioan Cuza\u201d din Ia\u0219i organizeaz\u0103 Procedura Simplificata pentru Servicii de proiectare (faza D.A.L.I.) pentru obiectivele de investi\u021bii \u201cConsolidare \u0219i extindere cl\u0103dire C1 (CF 174064), Strada Teodor Codrescu nr &#8230;<br \/><div class=\"pt-cv-rmwrap\"><a href=\"https:\/\/international.uaic.ro\/?p=2648\" class=\"_self pt-cv-readmore btn btn-success\" target=\"_self\">Mai multe detalii<\/a><\/div><\/div>\t<\/div>\r\n<\/div><\/div><\/div><\/div><\/div><\/div>\n\n\n<p class=\"has-text-color has-link-color has-medium-font-size wp-elements-c061242cfacf483ea6b6bd398af484f1\" style=\"color:#054164\"><strong><a href=\"https:\/\/international.uaic.ro\/category\/proceduri-simplificate-proprii\/\">PROCEDURI SIMPLIFICATE PROPRII<\/a><\/strong><\/p>\n\n\n<div class=\"pt-cv-wrapper\">Error: View <strong>2ea62735by<\/strong> may not exist<\/div>\n\n\n<div class=\"wp-block-group has-background has-small-font-size is-content-justification-center is-nowrap is-layout-flex wp-container-core-group-is-layout-5c85b02c wp-block-group-is-layout-flex\" style=\"background:linear-gradient(180deg,rgb(5,65,100) 0%,rgb(0,175,239) 100%);padding-top:var(--wp--preset--spacing--30);padding-right:0;padding-bottom:var(--wp--preset--spacing--30);padding-left:0\">\n<figure class=\"wp-block-gallery has-nested-images columns-default is-cropped wp-block-gallery-1 is-layout-flex wp-block-gallery-is-layout-flex\">\n<figure class=\"wp-block-image size-large\"><a href=\"http:\/\/www.coimbra-group.eu\/\"><img data-dominant-color=\"ffffff\" data-has-transparency=\"true\" style=\"--dominant-color: #ffffff;\" decoding=\"async\" width=\"84\" height=\"87\" data-id=\"1568\" src=\"https:\/\/international.uaic.ro\/wp-content\/uploads\/2025\/02\/coimbra-png.webp\" alt=\"\" class=\"wp-image-1568 has-transparency\"\/><\/a><\/figure>\n<\/figure>\n\n\n\n<figure class=\"wp-block-gallery has-nested-images columns-default is-cropped wp-block-gallery-2 is-layout-flex wp-block-gallery-is-layout-flex\">\n<figure class=\"wp-block-image size-large\"><a href=\"http:\/\/www.utrecht-network.org\/\"><img data-dominant-color=\"ffffff\" data-has-transparency=\"true\" style=\"--dominant-color: #ffffff;\" decoding=\"async\" width=\"147\" height=\"87\" data-id=\"1569\" src=\"https:\/\/international.uaic.ro\/wp-content\/uploads\/2025\/02\/utrech-png.webp\" alt=\"\" class=\"wp-image-1569 has-transparency\"\/><\/a><\/figure>\n<\/figure>\n\n\n\n<figure class=\"wp-block-gallery has-nested-images columns-default is-cropped wp-block-gallery-3 is-layout-flex wp-block-gallery-is-layout-flex\">\n<figure class=\"wp-block-image size-large\"><a href=\"http:\/\/www.auf.org\/\"><img data-dominant-color=\"ffffff\" data-has-transparency=\"true\" style=\"--dominant-color: #ffffff;\" decoding=\"async\" width=\"140\" height=\"87\" data-id=\"1570\" src=\"https:\/\/international.uaic.ro\/wp-content\/uploads\/2025\/02\/auf-png.webp\" alt=\"\" class=\"wp-image-1570 has-transparency\"\/><\/a><\/figure>\n<\/figure>\n\n\n\n<figure class=\"wp-block-gallery has-nested-images columns-default is-cropped wp-block-gallery-4 is-layout-flex wp-block-gallery-is-layout-flex\">\n<figure class=\"wp-block-image size-large\"><a href=\"http:\/\/www.eua.be\/\"><img data-dominant-color=\"ffffff\" data-has-transparency=\"true\" style=\"--dominant-color: #ffffff;\" loading=\"lazy\" decoding=\"async\" width=\"140\" height=\"87\" data-id=\"1571\" src=\"https:\/\/international.uaic.ro\/wp-content\/uploads\/2025\/02\/eua-png.webp\" alt=\"\" class=\"wp-image-1571 has-transparency\"\/><\/a><\/figure>\n<\/figure>\n\n\n\n<figure class=\"wp-block-gallery has-nested-images columns-default is-cropped wp-block-gallery-5 is-layout-flex wp-block-gallery-is-layout-flex\">\n<figure class=\"wp-block-image size-large\"><a href=\"http:\/\/www.fulbright.ro\/\"><img data-dominant-color=\"ffffff\" data-has-transparency=\"true\" style=\"--dominant-color: #ffffff;\" loading=\"lazy\" decoding=\"async\" width=\"148\" height=\"87\" data-id=\"1572\" src=\"https:\/\/international.uaic.ro\/wp-content\/uploads\/2025\/02\/fulbright-png.webp\" alt=\"\" class=\"wp-image-1572 has-transparency\"\/><\/a><\/figure>\n<\/figure>\n\n\n\n<figure class=\"wp-block-gallery has-nested-images columns-default is-cropped wp-block-gallery-6 is-layout-flex wp-block-gallery-is-layout-flex\">\n<figure class=\"wp-block-image size-large\"><a href=\"https:\/\/www.iau-aiu.net\/\"><img data-dominant-color=\"ffffff\" data-has-transparency=\"true\" style=\"--dominant-color: #ffffff;\" loading=\"lazy\" decoding=\"async\" width=\"104\" height=\"87\" data-id=\"1573\" src=\"https:\/\/international.uaic.ro\/wp-content\/uploads\/2025\/02\/iau-png.webp\" alt=\"\" class=\"wp-image-1573 has-transparency\"\/><\/a><\/figure>\n<\/figure>\n\n\n\n<figure class=\"wp-block-gallery has-nested-images columns-default is-cropped wp-block-gallery-7 is-layout-flex wp-block-gallery-is-layout-flex\">\n<figure class=\"wp-block-image size-large\"><a href=\"http:\/\/www.magna-charta.org\/\"><img data-dominant-color=\"ffffff\" data-has-transparency=\"true\" style=\"--dominant-color: #ffffff;\" loading=\"lazy\" decoding=\"async\" width=\"156\" height=\"87\" data-id=\"1574\" src=\"https:\/\/international.uaic.ro\/wp-content\/uploads\/2025\/02\/observatory-png.webp\" alt=\"\" class=\"wp-image-1574 has-transparency\"\/><\/a><\/figure>\n<\/figure>\n<\/div>\n","protected":false},"excerpt":{"rendered":"<p>ACHIZI\u021aII DIRECTE LICITA\u021aII DESCHISE PROCEDURI SIMPLIFICATE PROCEDURI SIMPLIFICATE PROPRII<\/p>\n","protected":false},"author":1,"featured_media":0,"parent":0,"menu_order":0,"comment_status":"closed","ping_status":"closed","template":"","meta":{"footnotes":""},"class_list":["post-1609","page","type-page","status-publish","hentry"],"_links":{"self":[{"href":"https:\/\/international.uaic.ro\/index.php?rest_route=\/wp\/v2\/pages\/1609","targetHints":{"allow":["GET"]}}],"collection":[{"href":"https:\/\/international.uaic.ro\/index.php?rest_route=\/wp\/v2\/pages"}],"about":[{"href":"https:\/\/international.uaic.ro\/index.php?rest_route=\/wp\/v2\/types\/page"}],"author":[{"embeddable":true,"href":"https:\/\/international.uaic.ro\/index.php?rest_route=\/wp\/v2\/users\/1"}],"replies":[{"embeddable":true,"href":"https:\/\/international.uaic.ro\/index.php?rest_route=%2Fwp%2Fv2%2Fcomments&post=1609"}],"version-history":[{"count":18,"href":"https:\/\/international.uaic.ro\/index.php?rest_route=\/wp\/v2\/pages\/1609\/revisions"}],"predecessor-version":[{"id":2806,"href":"https:\/\/international.uaic.ro\/index.php?rest_route=\/wp\/v2\/pages\/1609\/revisions\/2806"}],"wp:attachment":[{"href":"https:\/\/international.uaic.ro\/index.php?rest_route=%2Fwp%2Fv2%2Fmedia&parent=1609"}],"curies":[{"name":"wp","href":"https:\/\/api.w.org\/{rel}","templated":true}]}}